actors of 4245?
3, 5, 283
List the prime factors of 17473.
101, 173
List the prime factors of 13763.
13763
What are the prime factors of 24147?
3, 2683
What are the prime factors of 12624?
2, 3, 263
What are the prime factors of 43125?
3, 5, 23
What are the prime factors of 73046?
2, 36523
List the prime factors of 80950.
2, 5, 1619
List the prime factors of 1245.
3, 5, 83
What are the prime factors of 1826?
2, 11, 83
List the prime factors of 5355.
3, 5, 7, 17
What are the prime factors of 580?
2, 5, 29
What are the prime factors of 567?
3, 7
List the prime factors of 987.
3, 7, 47
List the prime factors of 885.
3, 5, 59
What are the prime factors of 715?
5, 11, 13
What are the prime factors of 1064?
2, 7, 19
What are the prime factors of 2484?
2, 3, 23
List the prime factors of 57304.
2, 13, 19, 29
What are the prime factors of 24353?
7, 71
List the prime factors of 57164.
2, 31, 461
List the prime factors of 77254.
2, 19, 107
List the prime factors of 3909.
3, 1303
What are the prime factors of 4975?
5, 199
What are the prime factors of 75?
3, 5
List the prime factors of 7730.
2, 5, 773
List the prime factors of 1728.
2, 3
What are the prime factors of 1551?
3, 11, 47
List the prime factors of 23661.
3, 11, 239
What are the prime factors of 38939?
23, 1693
List the prime factors of 545.
5, 109
List the prime factors of 593.
593
List the prime factors of 10612.
2, 7, 379
List the prime factors of 9524.
2, 2381
List the prime factors of 123.
3, 41
What are the prime factors of 2694?
2, 3, 449
List the prime factors of 140992.
2, 2203
What are the prime factors of 7278?
2, 3, 1213
List the prime factors of 14315.
5, 7, 409
List the prime factors of 34172.
2, 8543
What are the prime factors of 1601?
1601
What are the prime factors of 12556?
2, 43, 73
List the prime factors of 97.
97
What are the prime factors of 905?
5, 181
List the prime factors of 9135.
3, 5, 7, 29
What are the prime factors of 6119?
29, 211
What are the prime factors of 2923?
37, 79
What are the prime factors of 295?
5, 59
What are the prime factors of 1081?
23, 47
What are the prime factors of 998?
2, 499
List the prime factors of 1622.
2, 811
What are the prime factors of 42093?
3, 1559
List the prime factors of 81263.
7, 13, 19, 47
What are the prime factors of 69022?
2, 34511
List the prime factors of 43036.
2, 7, 29, 53
What are the prime factors of 750?
2, 3, 5
What are the prime factors of 3310?
2, 5, 331
What are the prime factors of 37306?
2, 23, 811
List the prime factors of 3176.
2, 397
What are the prime factors of 7746?
2, 3, 1291
What are the prime factors of 1847?
1847
What are the prime factors of 334?
2, 167
What are the prime factors of 65642?
2, 23, 1427
What are the prime factors of 4640?
2, 5, 29
What are the prime factors of 2602?
2, 1301
List the prime factors of 2099.
2099
List the prime factors of 98149.
61, 1609
List the prime factors of 1414.
2, 7, 101
What are the prime factors of 1794?
2, 3, 13, 23
What are the prime factors of 883?
883
List the prime factors of 17148.
2, 3, 1429
What are the prime factors of 3152?
2, 197
What are the prime factors of 42504?
2, 3, 7, 11, 23
List the prime factors of 3355.
5, 11, 61
What are the prime factors of 40399?
71, 569
What are the prime factors of 1068?
2, 3, 89
What are the prime factors of 580?
2, 5, 29
List the prime factors of 27595.
5, 5519
What are the prime factors of 31933?
11, 2903
What are the prime factors of 25803?
3, 47, 61
What are the prime factors of 10955?
5, 7, 313
What are the prime factors of 1843?
19, 97
List the prime factors of 19943.
7, 11, 37
What are the prime factors of 69497?
69497
List the prime factors of 2310.
2, 3, 5, 7, 11
List the prime factors of 9979.
17, 587
What are the prime factors of 6891?
3, 2297
What are the prime factors of 3627?
3, 13, 31
What are the prime factors of 1269?
3, 47
List the prime factors of 565.
5, 113
List the prime factors of 846.
2, 3, 47
List the prime factors of 28645.
5, 17, 337
What are the prime factors of 33362?
2, 7, 2383
What are the prime factors of 5309?
5309
What are the prime factors of 2168?
2, 271
What are the prime factors of 280?
2, 5, 7
List the prime factors of 1355.
5, 271
List the prime factors of 1199.
11, 109
What are the prime factors of 2771?
17, 163
List the prime factors of 4729.
4729
What are the prime factors of 1133?
11, 103
List the prime factors of 1792.
2, 7
List the prime factors of 8059.
8059
What are the prime factors of 9008?
2, 563
What are the prime factors of 49?
7
List the prime factors of 53368.
2, 7, 953
List the prime factors of 12770.
2, 5, 1277
What are the prime factors of 16019?
83, 193
What are the prime factors of 13028?
2, 3257
List the prime factors of 2481.
3, 827
List the prime factors of 2772.
2, 3, 7, 11
What are the prime factors of 86459?
31, 2789
List the prime factors of 2208.
2, 3, 23
What are the prime factors of 34965?
3, 5, 7, 37
What are the prime factors of 1835?
5, 367
What are the prime factors of 1325?
5, 53
List the prime factors of 1076.
2, 269
List the prime factors of 1489.
1489
What are the prime factors of 2167?
11, 197
List the prime factors of 702.
2, 3, 13
List the prime factors of 7459.
7459
What are the prime factors of 13243?
17, 19, 41
What are the prime factors of 568?
2, 71
What are the prime factors of 15251?
101, 151
What are the prime factors of 243?
3
What are the prime factors of 70197?
3, 23399
What are the prime factors of 36064?
2, 7, 23
List the prime factors of 17645.
5, 3529
List the prime factors of 2089.
2089
What are the prime factors of 189357?
3, 7, 71, 127
List the prime factors of 70561.
41, 1721
What are the prime factors of 935?
5, 11, 17
What are the prime factors of 1720?
2, 5, 43
List the prime factors of 7607.
7607
What are the prime factors of 6125?
5, 7
List the prime factors of 2394.
2, 3, 7, 19
List the prime factors of 57067.
149, 383
List the prime factors of 33497.
19, 41, 43
What are the prime factors of 5682?
2, 3, 947
List the prime factors of 910.
2, 5, 7, 13
List the prime factors of 3891.
3, 1297
List the prime factors of 5498.
2, 2749
What are the prime factors of 37539?
3, 43, 97
List the prime factors of 2377.
2377
List the prime factors of 541.
541
What are the prime factors of 13566?
2, 3, 7, 17, 19
What are the prime factors of 1553?
1553
What are the prime factors of 310?
2, 5, 31
List the prime factors of 19927.
19927
What are the prime factors of 52543?
52543
List the prime factors of 22215.
3, 5, 1481
What are the prime factors of 24630?
2, 3, 5, 821
List the prime factors of 93262.
2, 13, 17, 211
What are the prime factors of 13156?
2, 11, 13, 23
What are the prime factors of 49073?
31, 1583
List the prime factors of 7121.
7121
List the prime factors of 2648.
2, 331
List the prime factors of 18774.
2, 3, 7, 149
What are the prime factors of 86667?
3, 7, 4127
What are the prime factors of 59024?
2, 7, 17, 31
What are the prime factors of 35006?
2, 23, 761
List the prime factors of 25000.
2, 5
List the prime factors of 444.
2, 3, 37
What are the prime factors of 62526?
2, 3, 17, 613
List the prime factors of 2756.
2, 13, 53
What are the prime factors of 2149?
7, 307
What are the prime factors of 8824?
2, 1103
List the prime factors of 4931.
4931
What are the prime factors of 41158?
2, 13, 1583
What are the prime factors of 56426?
2, 89, 317
List the prime factors of 4261.
4261
List the prime factors of 1468.
2, 367
What are the prime factors of 110750?
2, 5, 443
What are the prime factors of 120634?
2, 60317
What are the prime factors of 48996?
2, 3, 1361
List the prime factors of 15541.
15541
What are the prime factors of 1036?
2, 7, 37
What are the prime factors of 1835?
5, 367
What are the prime factors of 18196?
2, 4549
List the prime factors of 6944.
2, 7, 31
List the prime factors of 28879.
28879
What are the prime factors of 3754?
2, 1877
What are the prime factors of 1729?
7, 13, 19
What are the prime factors of 16584?
2, 3, 691
What are the prime factors of 11407?
11, 17, 61
What are the prime factors of 838?
2, 419
List the prime factors of 1516.
2, 379
List the prime factors of 937.
937
List the prime factors of 46463.
97, 479
What are the prime factors of 29669?
29669
What are the prime factors of 30